6 = -9. What is the remainder when f(j) is divided by 31?
27
Suppose 40*r - 261 = 31*r. What is the remainder when 141 is divided by r?
25
Suppose -2*v = 5*j - 169, 25*v - 20*v - 433 = -2*j. Calculate the remainder when 692 is divided by v.
83
Let t be ((-22)/(-8))/((-3)/(-12)). Suppose t*q - 1738 = -0*q. Calculate the remainder when q is divided by 40.
38
What is the remainder when 864/20 + 4/5 is divided by 16?
12
Suppose 0 = 3*c - 2*c + 4*o + 12, 3*c - 19 = -o. What is the remainder when 14 is divided by c?
6
Suppose 44 = -u - 3*u. Let l = -7 - u. Suppose 4 - 20 = -l*s. Calculate the remainder when 15 is divided by s.
3
Suppose -4*h = 20, 0 = 4*a - 2*h - h - 31. What is the remainder when 69 is divided by a?
1
Suppose 2*b - 4*b + 160 = 0. What is the remainder when b is divided by 17?
12
Let o be (14/(-4))/(2/4). Let c be 4 + (o - -3) + 10. What is the remainder when 3 is divided by 2/6 + c/15?
0
Suppose -2*g + 1 + 16 = 5*y, 4*g = 5*y - 11. Suppose 5 = h + y. Suppose -3 = -h*l + 15. Calculate the remainder when 35 is divided by l.
8
Let f = -262 - -169. Let j = -68 + 117. What is the remainder when j is divided by f/(-62)*68/6?
15
Suppose -12 = -5*u - 22. Let i(v) = -v**2 + 9*v + 2. Calculate the remainder when i(7) is divided by 6 + u + 0 + 3.
2
Suppose -1363 - 1187 = -51*n. Calculate the remainder when 169 is divided by n.
19
Let q = 357 + -326. Suppose 0 = -2*a + a + j + 20, 4 = -j. Calculate the remainder when q is divided by a.
15
Let r = 435 - 229. What is the remainder when r is divided by 69?
68
Suppose v + 20 = 47. What is the remainder when 64 is divided by v?
10
Let f be 8/(-16) - 18/(-4). Suppose -3*h - f = 2. What is the remainder when 1 is divided by h/((-4)/(-4)) - -3?
0
Let o be 30/4*72/20. Suppose m - 4*v - 26 = 0, -3*v = 2*m - 2 - 6. What is the remainder when (0 + o)/(0 + 1) is divided by m?
7
Let f = 10 + -21. Let d be 1 - ((8 - 8) + -3). Let z = d - f. What is the remainder when 27 is divided by z?
12
Let f(b) = -2*b**2 - 44*b + 68. What is the remainder when f(-16) is divided by 46?
30
Let n = -50 + 92. Suppose 8 + 7 = y. What is the remainder when n is divided by ((-44)/(-5))/(6/y)?
20
Let t be 1 + 1/(4/492). Suppose h - 47 - 76 = 0. Calculate the remainder when h is divided by (t/6)/((-14)/(-21)).
30
Let b(d) = -5*d**2 + 2*d + 2. Let v = 7 - 4. Let w be b(v). Let o = 76 + w. What is the remainder when o is divided by 20?
19
Suppose -r + 3 = -3*b, -2*r + 5*b + 11 = -0*r. What is the remainder when 66 is divided by r?
12
Let m(i) = 7*i + 800. Let r(x) = -18*x**3 + 2*x**2 + 2*x - 2. What is the remainder when r(-2) is divided by m(-109)?
35
Suppose 0 = 3*p + 2*b + 161 - 1471, -4*b + 1748 = 4*p. Suppose 5*k - p = k. Calculate the remainder when k is divided by 14.
11
Suppose 2*o + l = 3*o - 37, 2*l - 118 = -4*o. Let v = o - 9. What is the remainder when v is divided by ((-6)/8)/(2/(-16))?
5
Let p(g) = 24*g + 51. Calculate the remainder when 158 is divided by p(0).
5
Suppose 0 = -4*m + 4*c + 612, 0*m + 5*c + 608 = 4*m. Calculate the remainder when m is divided by 40.
37
Suppose 0*p + 62 = 2*p + y, 0 = p + 4*y - 24. Suppose -p = -7*i - 9*i. What is the remainder when 4 is divided by i?
0
Suppose -5*l = -169 + 49. Suppose -5*c = -c - l. Let g(z) = 2*z. What is the remainder when c is divided by g(2)?
2
Let t(r) = r**2 - 3*r + 7. Let p = 66 - 60. Suppose -4*i - a = 2*a - 24, p = i - 2*a. Calculate the remainder when t(5) is divided by i.
5
What is the remainder when (858/(-4) + -3)*(-12)/18 is divided by 30?
25
Suppose 121*w - 901 = 68*w. What is the remainder when 279 is divided by w?
7
Let i(v) = 27*v**2 + v. Let j be i(-1). Suppose 0 = 6*r - 5*r + j. Let a = 35 + r. Calculate the remainder when a is divided by 5.
4
Suppose -12 - 4 = -q. Calculate the remainder when (3162/155 - 22)/((-43)/(-45) - 1) is divided by q.
4
Let l = 229 + -225. Calculate the remainder when 38 is divided by l.
2
Let p(t) = 13*t + 270. What is the remainder when p(-11) is divided by 19?
13
Let r(d) = d**3 + 6*d**2 - 2*d + 9. What is the remainder when 394 is divided by r(-5)?
42
Let f = 99 - 88. Suppose -s = -147 + f. What is the remainder when s is divided by 46?
44
What is the remainder when 240 + (-4 - ((5 - 2) + -4)) is divided by 34?
33
Suppose 3*j - 2*x = -29, 0*x = 3*j + 3*x + 39. Let k be (-3 - j/2)*16. Suppose -5 = -3*g + k. Calculate the remainder when 28 is divided by g.
13
Suppose -3*n + 4 = 5*a, -4*n - a + 41 - 13 = 0. Suppose -t + 2*t - b - 63 = 0, -2*t + b + 125 = 0. What is the remainder when t is divided by n?
6
Suppose 92 = 3*s + s - 3*x, -2*x - 70 = -3*s. Let y = 82 - s. Calculate the remainder when y is divided by 15.
11
Let k be (-4)/(-10) - 83/(-5). Suppose -19 = l - 4*t, -4*l - 3*t - 27 = -2*l. Let h = k - l. What is the remainder when 63 is divided by h?
31
Let k be 14/3 + (-2)/3. Suppose -k*j = -0*j - 264. What is the remainder when j is divided by 17?
15
Let h = 54 - 32. Suppose -79*i - 14 = -80*i. What is the remainder when h is divided by i?
8
Suppose 4*t = 8*t + 2*d - 156, -78 = -2*t + 4*d. Calculate the remainder when t is divided by 21.
18
Let n(q) = q**2 - 2*q - 4. What is the remainder when n(-4) is divided by 11?
9
Let a(h) = 16*h - 2. Let d(q) = -q**3 + 4*q**2 - 3*q + 1. Let l = 13 - 10. Let j be d(l). What is the remainder when 37 is divided by a(j)?
9
What is the remainder when 117 is divided by ((-1)/(14/(-12)))/((-21)/(-882))?
9
Suppose -672 = -33*a - 12. What is the remainder when 817 is divided by a?
17
Let c(u) = 3*u - 12. Let b be c(4). Suppose h = -5, -5*z = -b*z + 4*h. What is the remainder when 1/(266/66 - z) is divided by 12?
9
What is the remainder when 1620/32 - (-30)/80 is divided by 18?
15
Let t(n) = -2*n**2 - 77*n + 44. What is the remainder when t(-32) is divided by 44?
20
Suppose -3*v - 4*y = -31 - 87, 2*v - 3*y - 73 = 0. Calculate the remainder when 75 is divided by v.
37
Let p(k) = 19*k**2 + 11*k. What is the remainder when 22 is divided by p(-1)?
6
Let c = -483 - -680. What is the remainder when c is divided by 40?
37
Let y(l) = -l - 6. Let c = -6 - 3. Let d be y(c). Suppose 99 = d*k + 6. Calculate the remainder when k is divided by 11.
9
Let u(x) = x**3 + x + 8. Suppose 0 = 4*c - 2*c - 18. Suppose 12*j = c*j + 15. What is the remainder when u(0) is divided by j?
3
Let q(r) = -r**3 + 23*r**2 - 20*r + 8. Let u be q(22). Suppose -4*s + 2*a + u = 0, -5*s + 3*a = -s - 48. Calculate the remainder when s is divided by 8.
7
Suppose -61 - 34 = -4*q + 5*i, 0 = -2*i + 2. Let l(d) = d**3 - 9*d**2 + 10*d - 2. What is the remainder when q is divided by l(8)?
11
Calculate the remainder when (-3)/(-39) + 52096/104 is divided by 18.
15
Let c = -41 + 46. Suppose -5*f + c*b + 200 = 0, 71 = 3*f - 4*b - 50. What is the remainder when f is divided by (42/(-5))/((-14)/35)?
18
Let x(a) = -a**3 - 4*a**2 + 7*a - 21. Calculate the remainder when 1914 is divided by x(-6).
6
Suppose -2*y + 0*u - 3*u = 0, u = 4*y - 14. Suppose 117 = 3*b + y*r, -83 = -2*b - r - 9. Calculate the remainder when -5 + 3 + (b - 0) is divided by 12.
9
Let g(d) = 7*d + 353. What is the remainder when g(-31) is divided by 71?
65
Suppose -2*o = 3*o. Suppose 4*p - z - 179 = o, -p - p = 4*z - 76. Suppose g = -4*y + 3, 4*y + p - 3 = 3*g. What is the remainder when 52 is divided by g?
8
Suppose -13 - 32 = -5*p. What is the remainder when p is divided by 5?
4
Let t(m) = -43*m - 5. Suppose 2 = -2*i - 2*c, -4*i + 3*i + c = 1. What is the remainder when t(i) is divided by 10?
8
Let u(z) = z - 5. Let h be u(17). Suppose 5*y - h = 2*y. Suppose 17 - 5 = 2*n. Calculate the remainder when n is divided by y.
2
Let o(r) = 20*r**2 + r + 1. Suppose 9*l - 22 = 41. What is the remainder when o(-1) is divided by l?
6
What is the remainder when 546 is divided by 2*(-2)/(-8) + 4893/466?
7
Suppose -17*v + v + 128 = 0. Suppose -3*k = -6*k + 3*d + 27, 4*k - 48 = -2*d. Calculate the remainder when v is divided by (-1 + k)*(-3)/(-6).
3
Calculate the remainder when 89 is divided by 384/44 + 15/55.
8
Let q be (12/8)/(6/124). Let t = q - 31. Calculate the remainder when 26 is divided by 1 - -3*(3 + t).
6
Let d = -14 - -12. Let c(f) = 7*f + 17. Let s be c(14). Calculate the remainder when d*s/(-20)*6 is divided by 18.
15
Let x be ((-2)/9)/((-3)/36)*3. Suppose -x*g + 3*g + 